 is (-8 - ((4 + -4 - -2) + 0)) + 8?
-2
Calculate -1 - ((31 - 51) + 27 - (44 + -1)).
35
What is the value of -5 + 17 + -18 + 0 + -7?
-13
What is the value of 12 + (-2 - 10) + (-11 - -16)?
5
What is -10 + (7 - -4) - (-1 + -5) - 13?
-6
Calculate 2 - (-26 - -41) - -17.
4
2 - -20 - (-8 + 8 + 3 + -8)
27
Calculate -19 + (-12 - (-13 + -12)).
-6
What is 3 + 0 + 2 - (-275 + 292)?
-12
-7 - 3 - (-24 - -11 - -5)
-2
What is the value of 1 - (-8 + 11 + 1 + -17)?
14
(-18 + -14 - -6) + 23
-3
Calculate (-2 + 9 - -8) + (-1 - 5).
9
-16 - (-35 + 2) - 26
-9
Calculate -16 - (4 - (-7 + -18 + 34)).
-11
What is the value of -15 - (-7 + 0 + -6 - -19)?
-21
What is the value of (-4 + 2 - -8) + (-5 - 1) + -11?
-11
What is the value of -6 - -1 - (406 + -381 + (-2 - 46))?
18
What is the value of -63 - -78 - (-12 + 3)?
24
What is (12 - 9) + (18 - (11 + -6 + 1))?
15
What is 4 + 9 + 7 + 3 + -15?
8
-2 + (12 - 6 - -1) + -22
-17
Calculate -11 - -6 - (-5 + 0) - 6.
-6
What is (121 - 93) + (1 - 18)?
11
What is the value of 19 + 6 + -12 + (28 - 31)?
10
What is -11 + (17 - -23) - (-4 + 15)?
18
10 - 1 - (3 - (-12 + (-2 - 3)))
-11
Calculate 48 + -52 + (-4 - (3 + -4)).
-7
Calculate 8 - (-6 + 2 + (-4 - -8)).
8
What is -22 + 4 + 21 + -3?
0
-5 + 3 - (4 - (-4 - -13)) - -7
10
What is the value of (0 - -2 - (4 + -1)) + 6 + -7?
-2
11 - ((16 - 20) + 26)
-11
(-27 - -16) + (5 - 25 - 0)
-31
What is (-7 - 0) + 19 + 3 - (4 - 0)?
11
What is 20 - (22 + -8 - (36 + -14))?
28
Evaluate -5 + 9 + (5 - 0).
9
Calculate (1 + -9 - -2) + (5 - 0) + -6.
-7
Evaluate (-2 - -2) + (-4 - 8) + -8.
-20
What is -1 + 1 + 29 + 48 + -48?
29
29 + 24 + -45 + (0 - -8)
16
Calculate (-12 - (-13 + 8 + 0)) + -2 + -4.
-13
Evaluate 8 - -1 - (-17 + 60).
-34
Evaluate 7 + (-16 - -8) + (15 - 4) + -9.
1
Evaluate -11 + 0 + -1 + 26 + -348 + 340.
6
Evaluate (-7 + 39 - -35) + -41.
26
(9 - 9) + (-8 - -3)
-5
Calculate (6 + -5 + 5 - -2) + -3 + -16.
-11
What is the value of -2 - -6 - (-1 - (-9 + 5 + -1))?
0
Calculate (6 - ((0 - 0) + (-14 - -15))) + 4.
9
What is the value of -8 + (26 - (0 - 11)) + -14?
15
Calculate -8 - (-6 - (7 - (-7 + 19))).
-7
What is the value of 11 - (-11 - -42) - -25?
5
What is 1 + -1 + (10 - 14 - (1 - 4))?
-1
-22 + (7 - -13) + 33 - 5
26
What is the value of (110 - (-21 + 126)) + -10 + (0 - 0)?
-5
-8 - (-5 + 8 + -8)
-3
Calculate -9 - -15 - -10 - (9 - 7).
14
What is the value of 18 - (-29 - -69) - -3?
-19
Evaluate -18 + 10 + (2 - 2 - 4).
-12
Evaluate -6 - (-23 - -20 - 23).
20
-2 + -8 + 48 + -26
12
What is 16 - (-15 + -16 + 6 + 26)?
15
Evaluate (19 - (-5 - 0)) + (3 - (14 - 14)).
27
What is the value of -1 + (28 - 13) - 45 - -7?
-24
What is the value of 0 + 1 + -3 + -38 + 45?
5
43 + -75 - (-73 + 12)
29
Calculate -7 + (18 - -1 - 24).
-12
2 + 0 - (-4 + (7 - 6))
5
What is 3 + -8 - (1 + -11) - (-5 - 2)?
12
What is the value of (-8 - (1 + (4 - (-7 + 51)))) + -1?
30
Evaluate -37 - -33 - 0 - -32.
28
Evaluate -7 + 21 + -16 + 5 - -7.
10
Evaluate -7 - (-2 + 12 + -2 + 3 + -5).
-13
What is the value of 0 + -11 - (132 - 123) - (0 + 0)?
-20
Calculate -26 + (38 + -34 - (-1 + 11)) + 5.
-27
What is -1 + 0 + -2 - (3 + -16)?
10
What is 0 + 12 + (484 - 505)?
-9
4 + -39 + 61 + 2
28
Calculate -12 + 15 + -1 + 4 + -10 + 8.
4
Evaluate -1 + (13 - (22 - 23)).
13
What is -12 - -2 - (23 + -24 - 0)?
-9
Calculate -8 - (-12 + (-3 + -5 - -8) + -8).
12
Calculate (13 - (-1 + 5)) + 1 + 20 + -21.
9
What is 35 - (-58 + 43) - 44?
6
What is the value of -4 + ((2 - 7) + 8 - -3) + 2?
4
What is the value of 1 - (-6 - 23) - 16?
14
-24 + 22 + -7 - (3 + -2)
-10
Evaluate -9 + (-14 - 6 - -28).
-1
What is the value of (0 - (-13 - 3)) + 132 + -133?
15
Evaluate -8 + 8 + 5 + -1.
4
Evaluate 0 - 7 - (9 + -12 + 7).
-11
-6 + -22 + 13 + -3 + 2
-16
What is (-18 - (-36 - -6)) + (-3 - 0)?
9
-2450 - -2467 - ((10 - 0) + 2 + -3)
8
Calculate -14 + 3 - -11 - 13.
-13
Calculate 4 + 34 + -15 + (-12 - -1).
12
What is 12 - (21 - 10) - 11?
-10
(0 - (0 - -5)) + 8 + -11 + 13
5
Evaluate (106 - 123) + 12 + -1.
-6
What is the value of (-16 + -6 - -32) + (0 - (0 + -3))?
13
(-21 - -32) + -22 + 21
10
What is -7 + -13 + (27 - 12)?
-5
Calculate (-10 - 9 - -22) + (2 - -3) + -38.
-30
-46 - -25 - (-24 - 17)
20
-19 + (-5 - -39) + -20
-5
What is the value of (53 - 55 - -30) + -11 + 3 + -1?
19
Evaluate (166 - 154 - (0 + -7)) + -1 + 7.
25
Evaluate -10 + 6 + (7 - (-1 + 20)).
-16
Calculate (3 - 2 - -12) + (-4 - 2) + -14.
-7
What is the value of 11 + (-9 - -3) + (17 - (46 - 7))?
-17
What is the value of 32 - (-20 + -2 + 5 + 6 - -12)?
31
Evaluate -6 + 16 + 10 + -38.
-18
(-57 - -87) + (-13 - 2)
15
Evaluate (-47 - -23) + (0 - (3 + 0)) + 5.
-22
What is -47 + 44 - (1 - 15)?
11
Calculate 4 + (-13 - -9 - -4) + (2 - 2).
4
Evaluate -33 - (9 + (11 - (6 + -5 + 23))).
-29
What is the value of 11 - ((2 - (8 - 7)) + -8 - -4)?
14
Calculate 3 - 2 - -5 - (-43 - -59).
-10
What is the value of -1477 + 1464 + 0 + 32?
19
-16 - (-20 + 6) - 11
-13
What is the value of (-2 - 1) + -12 + 32 - (-37 + 28)?
26
What is the value of 1 - -14 - (-30 - (-45 + 18))?
18
Calculate 1 - 42 - (706 - 718).
-29
Calculate -3 + (1 - 7) - (14 - 19).
-4
What is the value of (36 - (6 + 32)) + -1 + 6 - 4?
-1
-2 + (8 - 0) + -16 + 8 + 6
4
Calculate 9 + (-26 - (6 - 3)) - -10.
-10
What is the value of -7 - (2 + 1 + (-412 - -400))?
2
Calculate (-5 - -3) + -18 + -4 + 12 + 7.
-5
Calculate -61 - -28 - (3 + -19).
-17
19 + -7 + -19 + 8
1
-43 - (15 + -65 + 20)
-13
Calculate (-43 - -32) + (6 - -19).
14
What is 11 + -17 + (-13 - -6)?
-13
Calculate 0 + -13 + -16 + 18.
-11
What is -7 + -1 + 1 + (273 - 253)?
13
What is 0 + -51 + (-3 - 65 - -84)?
-35
What is the value of 7 - (-2 + (-6 + (-2 - -2) - -16))?
-1
Evaluate 0 + -1 + (-55 - -72) - 8.
8
Calculate 2 + 0 - (1 + -4 + (-5 - -14)).
-4
What is 6 + 0 + 3 + -21 + 33?
21
What is the value of -4 - (7 - (20 - 16))?
-7
What is the value of 9 - (50 + -33) - -6?
-2
What is (-1 - -3 - (-53 + 61)) + (0 - -1)?
-5
Evaluate (5 - (5 - (2 - -2))) + -5 - -8.
7
What is the value of (1 - -1) + 0 - (4 - 17 - -16)?
-1
What is -9 + 0 + (241 - 230)?
2
-6 + 4 + -15 + 25
8
Evaluate -3 + (7 - -12 - -9) + -7.
18
Calculate (8 - 15) + -13 + 0 - (-12 + 13).
-21
-13 + (4 - (22 + 12)) + 16
-27
What is the value of 22 - (7 - (-11 + -12))?
-8
Calculate 38 + (-7 - 4) + -8 - (2 - -1).
16
What is the value of 2 + 0 - (-378 + 384)?
-4
What is 3 + -12 + 12 + 1 + -18?
-14
Calculate -7 - (-46 + 53 + -21 + 2) - -6.
11
What is the value of (9 - (6 - 2)) + (-24 - -19)?
0
What is the value of 50 - 52 - (15 - 4)?
-13
-7 - (0 + 7 - -2 - 8)
-8
What is -19 + 2 - (-1 + 0 + 14 + -18)?
-12
What is the value of (-11 - 3) + (13 - 4) - -39?
34
Evaluate 1 + -3 + (-10 + 2 - -18) - -1.
9
What is the value of 4 + -12 + 8 + (-6 - -6)?
0
-5 + (19 - 10) + (-17 - 0)
-13
Evaluate -6 - -1 - -10 - (-17 - -18).
4
What is the value of 2 + 11 + -16 + -9 - -13?
1
(7 - 1) + 0 - 11 - -4
-1
Evaluate 7 - (-5 + 4 + -2 - -16).
-6
Evaluate (8 - 1) + (49 - (-3 + 48)).
11
-81 - -104 - (13 - 0)
10
What is the value of -4 + -4 + 16 - (19 + 2)?
-13
Evaluate 5 + -35 + 18 - -9.
-3
What is the value of (1 - 6) + -3 - (5 - 2)?
-11
What is (22 - (-14 + 12 + 12)) + -11?
1
Evaluate -8 + 1 - (-1389 - -1364).
18
Evaluate -3 - (1 - 4 - (-29 + 30) - 2).
3
(15 - 23) + -3 + 30
19
Evaluate (135 - 119) + (-12 - 1).
3
Calculate -1 + -5 + (-6 - ((1 - 5) + 3)).
-11
20 + -6 + (22 - 18) + -11
7
Calculate 3 - -26 - (149 - 134).
14
-66 + 68 + (-9 - -6 - 23)
-24
What is the value of -12 + -4 - (-32 - -4)?
12
Evaluate -24 + 34 + -37 + 1 + 10.
-16
Calculate -12 + (-4 - -19) - 13 - -15.
5
Evaluate (-24 - (-6 - -37)) + 23.
-32
-4 + 2 + -13 + -7 + (-1 - -5)
-18
What is -1 + (51 - 24 - 16) + (1 - 19)?
-8
What is (6 - 15) + 14 - 2?
3
-2 + (5 - 5) - (-3 - 5 - 17)
23
Evaluate 5 - (0 - -32) - -7 - -9.
-11
What is the value of (-26 - (5 - 24)) + 4 + 33?
30
What is the value of (-4 - (2 - 15)) + 5?
14
What is (2 - 3) + 16 + -8 + 1 + 13?
21
Evaluate -1 + 9 + -13 + 10 + -1 + -12.
-8
What is (0 - -2 - 1) + (19 - (-24 - -27))?
17
-8 - (14 + 29 + -40)
-11
What is 19 + (-31 - 38) - (-22 - -4)?
-32
What is (-4 - (0 - 2 - (-37 + 33))) + -1?
-7
What is -14 + 14 - 14 - -21?
7
What is -2 + 1 + 7 - (-77 + 81) - -7?
9
Calculate -5 - 10 - -1 - (6 + -11).
-9
1 - (1 - 16) - (5 + -14 + 15)
10
Calculate 12 + -7 + 2 + 5 + -4 + -1.
7
37 + 1 - (-79 - (-51 - 44